ulate 8 - (14 + (61 + -62 - (49 + 1))).
45
What is the value of (10 - -1) + -10 + -3 + (-5 - -4) + 26?
23
Evaluate -6 + -3 - (-44 + (-7 + 1 - (-21 - -4))).
24
What is -59 + -7 + (684 - 595)?
23
What is 688 + -676 + (81 - (2 - -1)) + 1?
91
Calculate -39 + -3 + (-3258 - -3243).
-57
Evaluate -8 + (47 + (-29 - -5) - -23 - (0 + -10)).
48
What is (-61 - (10 - 10)) + -1 + 0 - (2 - -8)?
-72
What is the value of -1 + 32 - (-352 - -386)?
-3
Evaluate -40 + -40 + -10 + 84.
-6
108 - (92 + -39) - 53
2
Evaluate -40 + (3 - (-9 - (-10 - -19))).
-19
What is the value of -11 + -12 + (-5 - -33) + -3 - 34?
-32
2 - 19 - ((3 - (14 - (-16 + 8))) + 10)
-8
What is 2 - -5 - (2 + -8 + 5 + 16)?
-8
((-60 - 0) + (-27 - -35) - -12) + (-7 - 2)
-49
What is the value of (2 - 10) + 7 + -7 + (-50 - 0) + 51?
-7
Calculate 10 + (-25 - -19) + -7 + 6.
3
Calculate -13 - ((9 + -19 - (-2 - 2)) + (98 - 72)).
-33
Evaluate -1 + 12 + (13 + -6 - 37).
-19
Calculate -74 + (-14 - (-94 + 34)).
-28
Evaluate -65 + 104 + (10 - (-11 - -3)).
57
Evaluate (17 - -3) + -10 - (-6 - (-61 - (-1 - 8))).
-36
What is the value of -91 + (25 - 15 - 0 - -7 - 15)?
-89
Calculate -2 + -44 - (-591 + 422).
123
Calculate -53 + (-15 - (29 + -35)) + -1 + -2 + 18.
-47
Evaluate -173 + (57 - (32 + -69)).
-79
8 + -104 + (-290 - -374)
-12
What is the value of -48 - (108 - 56 - 131)?
31
What is the value of 26 + (10 - 29) + -8 - -13 - -77?
89
What is 0 - (1 - -26 - (317 - 306))?
-16
76 + 14 + (79 - 115)
54
Calculate 10 + 24 + (40 + -23 - -29) - (1 - 0).
79
Evaluate -73 + (91 - 22) + -86.
-90
Evaluate -47 + (19 - -7) - -30.
9
74 + 1 + -62 + (2 - 0)
15
-14 + (21 - 43 - (28 - 38))
-26
What is 143 + (-286 - (-24 + -79))?
-40
What is -49 - (-210 - -38 - -41 - -20)?
62
Calculate 3 - ((3 - -2) + -39 + -5) - -1.
43
What is the value of -18 - (-147 + -27 + 40 + (7 - 0))?
109
What is -5758 - -5747 - (-5 + -4)?
-2
What is 30 + (12 - 101) + 103?
44
Calculate -4 - (5 + -14 + -60).
65
What is 0 + -7 + 37 - (8 - 14 - -16)?
20
Evaluate -25 - (1 + -21 + (1 - 30) + 39).
-15
What is 6 - (-12 + -1 + (6 - 1) - (-28 - -76))?
62
Evaluate -2 - 14 - (100 + -18 + -56).
-42
What is -7 - (-3 - -111 - (-1 + 14 + (9 - 8)))?
-101
What is the value of -2 - 0 - ((0 - 10) + (53 - (40 - 37)))?
-42
What is -8 - (647 + -648 - (-35 + -6 + 3))?
-45
11 + (-12 - -22) + -18 - ((25 - 6) + 5)
-21
Evaluate (2 - 1) + (16 - 24) + 22 - (-8 + -22).
45
Evaluate 22 - (9 - 16) - 21 - (-1 + -1 - 79).
89
What is the value of (-71 - -8) + 68 + -30 + -26?
-51
Evaluate 24 - (8 - -6) - (16 + -81 + 2).
73
Calculate 38 - (71 - 23) - ((0 - -16) + 1).
-27
What is 20 + -5 - (-14 - (-17 - -1) - (-2 - -5))?
16
Evaluate 15 + (-1 - -27) - 111 - -22.
-48
Evaluate 12 + -1 + 2 + -18 + 0 + 3.
-2
Evaluate -749 + 735 + (2 - 0 - -12) + -17.
-17
Calculate 14 + (-13 - 48) + 31.
-16
What is -3 + 5 - ((-265 - -301) + 26 + -3)?
-57
What is -105 + (451 - 319) + (-91 - 0)?
-64
Calculate (46 - -4) + (-7 - (3 + 2 + (-4 - 8))).
50
What is the value of -6 - -141 - (45 - 27 - -7)?
110
What is -383 + 386 + (8 - 1 - (0 + 2)) - -43?
51
40 + 2 + -28 + -10 + (-3 - (-1 - -2))
0
1 + -2 - 118 - (-8 + (39 + 14 - 50))
-114
What is the value of -437 - -406 - (-4 + 0 - (25 - 19))?
-21
Evaluate (149 - 35) + -2 + (21 + 5 - 5).
133
What is the value of 112 - 47 - (7 - (-1 - 21))?
36
What is (-79 + 58 - 79) + (-20 - (-9 + 3))?
-114
2 + 26 + (437 - 494) + -25
-54
Evaluate (-1 - -3 - (-20 + 33 + (-33 - -16))) + -59.
-53
Evaluate (15 - 51 - (34 + 1)) + (0 - 10 - 1).
-82
(66 - 160) + -46 - -95
-45
(-36 + -6 - -1) + -11 + (20 - 12)
-44
What is 2 - 10 - (-5 - (-4 - 3) - -2 - 2)?
-10
Evaluate (1 - -9) + 0 - ((-40 - -12) + 28 + -3).
13
What is -24 + 78 + -35 - 27?
-8
What is the value of -5 - 73 - (-104 - -52)?
-26
Evaluate 42 - (51 - (37 + 11)).
39
What is -76 - 0 - (-1 + -31)?
-44
Evaluate (210 - 204 - (3 + 0)) + 0.
3
What is the value of (-57 + 37 - (-3 - 2)) + -15?
-30
Calculate (56 - 54) + -33 + (-6 - 1).
-38
Evaluate -12 + (39 - (26 + -12)).
13
What is 1 + -10 + (-20 + 4 - (-48 - 6))?
29
Calculate (13 - 12 - ((26 - 15) + -7)) + (1 - 50).
-52
-5 + (1 - -11) + (-7 - -44) + -23
21
(-5 + (8 - -1) + 87 - 1) + (-17 - -14)
87
Calculate 88 + (-64 - 7) - (3 + 2 + -76).
88
What is the value of 162 + -3 + -114 + 55?
100
(24 - 1) + (-1532 - -1542) + -20
13
Calculate (-480 - -561) + (-3 - 32).
46
What is the value of (-19 - 35) + 15 + 13 - (-3 + 9)?
-32
What is the value of 41 - (-42 - (-69 + 26))?
40
-12 + 4 + 48 + 0 - -9 - (6 + -7)
50
What is the value of -33 - ((-7 - -8) + 5 + -23)?
-16
Calculate -1429 - -1419 - (1 + 63).
-74
Calculate 26 + (99 - 30 - -12).
107
What is the value of (-6 + 17 - (22 + (0 - -67))) + 8?
-70
Evaluate 17 + -5 + (27 + -45 - -6).
0
Evaluate 68 - (-34 - -189) - -117.
30
26 + -8 + 10 + (3 - 6)
25
Calculate (0 - 7) + (16 + -15 - (-4 - -15)).
-17
Evaluate (194 - (79 - 38)) + -82.
71
Calculate (1 - -10) + -31 + 31 + 21 + (-11 - 2).
19
Evaluate 27 - (31 + -18) - (-11 - (-114 + -1)) - -1.
-89
Calculate -5 + (-6 - -16) - (-6 + 0 + 45 + 15).
-49
(14 - (-11 + -24 + 36)) + (-23 - 0)
-10
What is the value of 85 + (71 - (-47 - -135))?
68
Calculate -49 + 65 + -15 + -28.
-27
What is the value of -10 + 4 + (2 - 3 - -27) + (350 - 353)?
17
(-68 - -51 - 11) + -29
-57
What is -44 + -1 + 0 + (-22 - 5) + 777 + -743?
-38
Evaluate -76 + 26 + 65 - -86.
101
Calculate (29 - 29 - (-31 + 8)) + -19 + 35.
39
What is the value of (-46 + 3 - (-90 - -57)) + 40?
30
Evaluate 0 + -34 - ((-18 - -3) + 7 - -22).
-48
148 + -27 - 2 - 49
70
Evaluate (2 + 8 + -24 - (-2 + 1 + -5)) + -7.
-15
Evaluate -8 - 2 - (44 + 2 - ((110 - 164) + 41)).
-69
What is 0 - (12 + 62) - -61?
-13
What is 13 - 3 - -22 - (-3 + 29 - 12)?
18
Calculate -147 + 158 + 0 + 20 + 0.
31
What is 713 + -697 + -88 + 10 + 0?
-62
What is -3 + -2 + -6 + 14 + (25 - 32)?
-4
Calculate (2 - 85) + (10 + 0 - (-1 + 23 + -6)).
-89
What is -27 + -51 - (0 - (1 - 7))?
-84
What is the value of (-1 - -5) + 0 + -6 + 10 + 8 + 89?
105
Calculate 13 + (-23 - 0) + -41 + -2.
-53
Calculate (-39 - -43) + (40 - 38).
6
What is (-3 - -59) + 45 + -87?
14
What is -20 - (-2 - (-15 - (-2 - 1) - 1))?
-31
What is -1 - 9 - (134 + -172 - -66)?
-38
What is -27 + 9 + (-9 + 7 - -44)?
24
What is 3 + -1 + (-3 - 1) + (117 - 115)?
0
What is 11 + (-8 - (-6 - 1)) - (11 - (52 + -15))?
36
0 + 69 - 105 - -141
105
What is the value of -17 + 4 - -12 - -14 - 5?
8
21 + (16 - 26) - (12 + 6 - 6) - 18
-19
0 - -1 - -51 - (268 + -29 - 238)
51
What is the value of 43 + (-61 - (-41 - 15))?
38
What is (10 - 16) + -1 + (-4 - -25)?
14
What is 48 - ((65 + -39 - 38) + (-1 - -1))?
60
Calculate -6 + -1 + 0 - (-48 - -105 - 29).
-35
What is the value of 14 + (5 + 5 - -4 - -9)?
37
39 - (-39 - -184) - (-26 - 2)
-78
208 - 98 - 105 - (-2 + 6) - (0 + -105)
106
(-352 - (-26 + -273)) + (-1 - -1) + 9
-44
Evaluate 82 - ((14 - (-15 + 5 + -7 + 22)) + -10).
83
Calculate 9 - (104 + 9) - (3 + 1 + -1 - 5).
-102
4 + 0 + 1 + 475 + -479 - -12 - -9
22
Evaluate 39 + -51 - (13 + -38) - (54 - -1).
-42
Evaluate (-12 - (4 - (6 + -5 + 4))) + (-300 - -362).
51
What is (189 - 79) + -147 + 108?
71
What is 1 - 6 - (11 - 23) - (-63 + -9)?
79
6 + -11 + 60 + -102
-47
Evaluate (96 - 73) + -11 + (-1 - -46).
57
Evaluate 86 - (-6 - 11 - (-112 + 121)).
112
Evaluate 2 + -67 + (-13 - (-3 - 11 - (-8 + 10))).
-62
-23 + (-126 - -22) + 67
-60
What is (267 - 249) + -3 + -138?
-123
Calculate (12 - -44 - 86) + -1 + -10.
-41
0 - 16 - (38 + -55)
1
What is the value of 5 + (3 - (-7 - (80 - (-6 + 4)))) + -11?
86
What is the value of 107 + -4 - (19 - (-14 - -1))?
71
Calculate (-12 - (67 + -115)) + -61.
-25
-62 - -64 - ((54 - 58) + (-29 - -1) + -5)
39
What is the value of -19 + (10 - (3 - 5)) - (2 + 29)?
-38
Evaluate 51 + (-157 - -97) - -46.
37
Evaluate -112 + 88 + (-7 - -2 - (-2 + -1)) + 8.
-18
-7 - ((22 - 13) + (-30 - -15))
-1
What is the value of 55 - (3 + 2) - 114?
-64
Evaluate -38 + -31 + -7 + 21 + 4.
-51
What is the value of (1 - (11 - -3 - 28)) + (0 - -9 - 138)?
-114
What is 32 + -28 + -1 + (-14 - -6) + -3?
-8
2 - (-1 + 12 + 110 + -113) - -77
71
Evaluate -211 - -164 - (-14 + -21).
-12
What is the value of ((-10 + 11 - 7) + 9 - -86) + -21?
68
What is the value of 5 - (85 + -71 - (7 + (6 - 6) - 1))?
-3
Evaluate 6 - 6 - (102 + -135 - -127).
-94
Evaluate 320 + -105 + -204 + (-1 + 0 - 17).
-7
Evaluate 2 + 